{"id":7340,"date":"2013-05-26T09:55:06","date_gmt":"2013-05-26T09:55:06","guid":{"rendered":"https:\/\/www.folkest.com\/\/?page_id=7340\/"},"modified":"2016-12-06T18:18:01","modified_gmt":"2016-12-06T16:18:01","slug":"folkest-2013","status":"publish","type":"page","link":"https:\/\/www.folkest.com\/fur\/folkest-2013\/","title":{"rendered":"Folkest 2013"},"content":{"rendered":"<h2 style=\"text-align: justify;\"><span style=\"color: #993300;\">Storia di Folkest &#8211; Edizione 2013<\/span><\/h2>\n<p style=\"text-align: justify;\">Dal <strong>4 al 28 luglio<\/strong> <strong>2013<\/strong> nel nome della <strong>qualit\u00e0<\/strong> e del <strong>rinnovamento<\/strong><\/p>\n<p><a href=\"https:\/\/www.folkest.com\/wp-content\/uploads\/2013\/03\/2013_WP-210x300.jpg\" data-rel=\"lightbox-image-0\" data-rl_title=\"\" data-rl_caption=\"\" title=\"\"><img loading=\"lazy\" decoding=\"async\" class=\"alignleft wp-image-3742 size-medium\" src=\"https:\/\/www.folkest.com\/wp-content\/uploads\/2013\/03\/2013_WP-210x300.jpg\" alt=\"Folkest Edizione 2013\" width=\"210\" height=\"300\" srcset=\"https:\/\/www.folkest.com\/wp-content\/uploads\/2013\/03\/2013_WP-210x300.jpg 210w, https:\/\/www.folkest.com\/wp-content\/uploads\/2013\/03\/2013_WP.jpg 500w\" sizes=\"auto, (max-width: 210px) 100vw, 210px\" \/><\/a>Per il 2013 la direzione artistica del festival ha impresso un grande rinnovamento al cast, affiancando ai grandi nomi un esercito di proposte di qualit\u00e0 <strong>fortemente innovative<\/strong>.<\/p>\n<p><strong>Folkest 2013<\/strong> ha debuttatto a <strong>Papariano<\/strong> (Fiumicello) il <strong>4 luglio<\/strong> con una serata completamente al femminile: <strong>Elsa Martin<\/strong>, <strong>Maria Devigili<\/strong> e <strong>Serio &amp; Faceto<\/strong> hanno proposto interessanti spettacoli in cui la classica canzone d\u2019autore si sposa con nuove tendenze espressive.<\/p>\n<p>Un gradito ritorno, dopo qualche anno di assenza: dal Cile <strong>Inti Illimani<\/strong>, il <strong>19 luglio 2013 a Tolmezzo<\/strong> e il <strong>20 a Capodistria<\/strong>, a coronamento di un tour europeo che ha celebrato i loro quarantacinque anni di carriera.<\/p>\n<p>Grandi eventi anche in <strong>piazza Duomo a Spilimbergo<\/strong>, nelle serate finali del <strong>26, 27 e 28 luglio 2013<\/strong>: accompagnati dal FVG Mitteleuropa Orchestra, diretta dal Maestro Walter <strong>Sivilotti<\/strong>, <strong>Simone Cristicchi (26), Allan Taylor (27) e Antonella Ruggiero (28)<\/strong> hanno concluso il festival con una produzione straordinaria che fra l\u2019altro li ha visti impegnati a ricordare <strong>Sergio Endrigo<\/strong> in occasione degli ottant\u2019anni della nascita (1933) del compianto cantautore istriano.<\/p>\n<h2 style=\"text-align: left;\"><span style=\"color: #993300;\">Artisti Folkest 2013<\/span><\/h2>\n<p><strong>Abac\u00e0<\/strong>, <em>Italia<br \/>\n<\/em><strong>Alef Band<\/strong>, <em>Italia<\/em><br \/>\n<a href=\"https:\/\/www.folkest.com\/\/artisti\/allan-taylor\/\"><strong>Allan Taylor<\/strong><\/a>, <em>Inghilterra<\/em><br \/>\n<strong><a href=\"https:\/\/www.folkest.com\/\/artisti\/antonella-ruggiero\/\">Antonella Ruggiero<\/a>,<\/strong> <em>Italia<\/em><br \/>\n<a href=\"https:\/\/www.folkest.com\/\/artisti\/area\/\"><strong>Area<\/strong><\/a>, <em>Italia<\/em><br \/>\n<strong>Blunt<\/strong>, <em>Belgio<\/em><br \/>\n<strong>Branco Selvaggio<\/strong>, <em>Italia<\/em><br \/>\n<strong>Carantan<\/strong>, <em>Friuli<\/em><br \/>\n<strong>Daniele Arzuffi<\/strong>, <em>Italia<\/em><br \/>\n<strong>Dualismagic<\/strong>, <em>Italia<\/em><br \/>\n<strong>Elsa Martin<\/strong>, <em>Italia<\/em><br \/>\n<a href=\"https:\/\/www.folkest.com\/\/artisti\/ezio-guaitamacchi\/\"><strong>Ezio Guaitamacchi<\/strong><\/a>,<em> Italia<\/em><br \/>\n<strong>Figli di Puff<\/strong>, <em>Italia<\/em><br \/>\n<a href=\"https:\/\/www.folkest.com\/\/artisti\/f-v-g-mitteleuropa-orchestra\/\"><strong>FVG Mitteleuropa Orchestra<\/strong><\/a>, <em>Friuli &#8211; Venezia Giulia<\/em><br \/>\n<a href=\"https:\/\/www.folkest.com\/\/artisti\/giovanni-floreani-e-tony-pagliuca\/\"><strong>Giovanni Floreani e Tony Pagliuca<\/strong><\/a>,<em> Italia<\/em><br \/>\n<strong>Alberto Grollo &amp; Five Strings Quartet<\/strong>, <em>Italia<\/em><br \/>\n<strong>Inti-Illimani<\/strong>, <em>Cile<\/em><br \/>\n<strong>Irish &amp; More<\/strong>, <em>Italia<\/em><br \/>\n<strong>L&#8217;Orage<\/strong>,<em> Valle d&#8217;Aosta<\/em><br \/>\n<strong>Luna e un Quarto<\/strong>, <em>Friuli<\/em><br \/>\n<strong>Macchia Libbre<\/strong>, <em>Puglia<\/em><br \/>\n<strong>Mandolin&#8217; Brothers<\/strong>, <em>Italia<\/em><br \/>\n<strong>Maria Devigli<\/strong>, <em>Italia<\/em><br \/>\n<strong>Michele Pucci<\/strong>, <em>Italia<\/em><br \/>\n<a href=\"https:\/\/www.folkest.com\/\/artisti\/piergiorgio-manuele\/\"><strong>Piergiorgio Manuele<\/strong><\/a>, <em>Italia<\/em><br \/>\n<strong>Orchestra Minima Mistycanza<\/strong>, <em>Italia<\/em><br \/>\n<strong>Pier Luca Montessoro<\/strong>, <em>Italia<\/em><br \/>\n<strong>Raffaele Antoniotti<\/strong>, <em>Italia<\/em><br \/>\n<strong>Serio e Faceto<\/strong>, <em>Italia<\/em><br \/>\n<a href=\"https:\/\/www.folkest.com\/\/artisti\/simone-avincola\/\"><strong>Simone Avincola<\/strong><\/a>, <em>Italia<\/em><br \/>\n<a href=\"https:\/\/www.folkest.com\/\/artisti\/simone-cristicchi\/\"><strong>Simone Cristicchi<\/strong><\/a>,<em> Italia<\/em><br \/>\n<strong>Stramash<\/strong>, <em>Scozia<\/em><br \/>\n<strong><a href=\"https:\/\/www.folkest.com\/\/artisti\/i-tamburellisti-di-otranto\/\">I Tamburellisti di Otranto<\/a>,<\/strong> <em>Puglia<\/em><br \/>\n<strong>Mimmo Cavallaro, Cosimo Papandera &amp; TaranProject<\/strong>, <em>Calabria<\/em><br \/>\n<strong>Tryo Yerba<\/strong>, <em>Italia<\/em><br \/>\n<a href=\"https:\/\/www.folkest.com\/\/artisti\/ugo-gangheri\/\"><strong>Ugo Gangheri<\/strong><\/a>, <em>Campania<\/em><br \/>\n<strong>V\u00edz\u00f6nt\u0151<\/strong>, Ungheria<br \/>\n<strong>Vruja<\/strong>, <em>Istria<\/em><\/p>\n<p>&nbsp;<\/p>\n","protected":false},"excerpt":{"rendered":"<p>Storia di Folkest &#8211; Edizione 2013 Dal 4 al 28 luglio 2013 nel nome della qualit\u00e0 e del rinnovamento Per il 2013 la direzione artistica del festival ha impresso un grande rinnovamento al cast, affiancando ai grandi nomi un esercito di proposte di qualit\u00e0 fortemente innovative. Folkest 2013 ha debuttatto a Papariano (Fiumicello) il 4 [&hellip;]<\/p>\n","protected":false},"author":2,"featured_media":0,"parent":0,"menu_order":34,"comment_status":"closed","ping_status":"closed","template":"","meta":{"footnotes":""},"class_list":["post-7340","page","type-page","status-publish","hentry"],"yoast_head":"<!-- This site is optimized with the Yoast SEO plugin v27.5 - https:\/\/yoast.com\/product\/yoast-seo-wordpress\/ -->\n<title>Folkest 2013 - Folkest - edizion 2026<\/title>\n<meta name=\"description\" content=\"Folkest 2013. Mai come quest\u2019anno la direzione artistica festival ha impresso un grande rinnovamento al cast, affiancando ai grandi nomi artisti emergenti\" \/>\n<meta name=\"robots\" content=\"index, follow, max-snippet:-1, max-image-preview:large, max-video-preview:-1\" \/>\n<link rel=\"canonical\" href=\"https:\/\/www.folkest.com\/fur\/folkest-2013\/\" \/>\n<meta property=\"og:locale\" content=\"en_US\" \/>\n<meta property=\"og:type\" content=\"article\" \/>\n<meta property=\"og:title\" content=\"Folkest 2013 - Folkest - edizion 2026\" \/>\n<meta property=\"og:description\" content=\"Folkest 2013. Mai come quest\u2019anno la direzione artistica festival ha impresso un grande rinnovamento al cast, affiancando ai grandi nomi artisti emergenti\" \/>\n<meta property=\"og:url\" content=\"https:\/\/www.folkest.com\/fur\/folkest-2013\/\" \/>\n<meta property=\"og:site_name\" content=\"Folkest - edizion 2026\" \/>\n<meta property=\"article:publisher\" content=\"https:\/\/www.facebook.com\/FolkestFestival\" \/>\n<meta property=\"article:modified_time\" content=\"2016-12-06T16:18:01+00:00\" \/>\n<meta property=\"og:image\" content=\"https:\/\/www.folkest.com\/\/wp-content\/uploads\/2013\/03\/2013_WP-210x300.jpg\" \/>\n<meta name=\"twitter:label1\" content=\"Est. reading time\" \/>\n\t<meta name=\"twitter:data1\" content=\"2 minutes\" \/>\n<script type=\"application\/ld+json\" class=\"yoast-schema-graph\">{\"@context\":\"https:\\\/\\\/schema.org\",\"@graph\":[{\"@type\":\"WebPage\",\"@id\":\"https:\\\/\\\/www.folkest.com\\\/fur\\\/folkest-2013\\\/\",\"url\":\"https:\\\/\\\/www.folkest.com\\\/fur\\\/folkest-2013\\\/\",\"name\":\"Folkest 2013 - Folkest - edizion 2026\",\"isPartOf\":{\"@id\":\"https:\\\/\\\/www.folkest.com\\\/#website\"},\"primaryImageOfPage\":{\"@id\":\"https:\\\/\\\/www.folkest.com\\\/fur\\\/folkest-2013\\\/#primaryimage\"},\"image\":{\"@id\":\"https:\\\/\\\/www.folkest.com\\\/fur\\\/folkest-2013\\\/#primaryimage\"},\"thumbnailUrl\":\"https:\\\/\\\/www.folkest.com\\\/wp-content\\\/uploads\\\/2013\\\/03\\\/2013_WP-210x300.jpg\",\"datePublished\":\"2013-05-26T09:55:06+00:00\",\"dateModified\":\"2016-12-06T16:18:01+00:00\",\"description\":\"Folkest 2013. Mai come quest\u2019anno la direzione artistica festival ha impresso un grande rinnovamento al cast, affiancando ai grandi nomi artisti emergenti\",\"breadcrumb\":{\"@id\":\"https:\\\/\\\/www.folkest.com\\\/fur\\\/folkest-2013\\\/#breadcrumb\"},\"inLanguage\":\"fur\",\"potentialAction\":[{\"@type\":\"ReadAction\",\"target\":[\"https:\\\/\\\/www.folkest.com\\\/fur\\\/folkest-2013\\\/\"]}]},{\"@type\":\"ImageObject\",\"inLanguage\":\"fur\",\"@id\":\"https:\\\/\\\/www.folkest.com\\\/fur\\\/folkest-2013\\\/#primaryimage\",\"url\":\"https:\\\/\\\/www.folkest.com\\\/wp-content\\\/uploads\\\/2013\\\/03\\\/2013_WP-210x300.jpg\",\"contentUrl\":\"https:\\\/\\\/www.folkest.com\\\/wp-content\\\/uploads\\\/2013\\\/03\\\/2013_WP-210x300.jpg\"},{\"@type\":\"BreadcrumbList\",\"@id\":\"https:\\\/\\\/www.folkest.com\\\/fur\\\/folkest-2013\\\/#breadcrumb\",\"itemListElement\":[{\"@type\":\"ListItem\",\"position\":1,\"name\":\"Home\",\"item\":\"https:\\\/\\\/www.folkest.com\\\/fur\\\/\"},{\"@type\":\"ListItem\",\"position\":2,\"name\":\"Folkest 2013\"}]},{\"@type\":\"WebSite\",\"@id\":\"https:\\\/\\\/www.folkest.com\\\/#website\",\"url\":\"https:\\\/\\\/www.folkest.com\\\/\",\"name\":\"Folkest - edizion 2026\",\"description\":\"International Folk Festival\",\"publisher\":{\"@id\":\"https:\\\/\\\/www.folkest.com\\\/#organization\"},\"potentialAction\":[{\"@type\":\"SearchAction\",\"target\":{\"@type\":\"EntryPoint\",\"urlTemplate\":\"https:\\\/\\\/www.folkest.com\\\/?s={search_term_string}\"},\"query-input\":{\"@type\":\"PropertyValueSpecification\",\"valueRequired\":true,\"valueName\":\"search_term_string\"}}],\"inLanguage\":\"fur\"},{\"@type\":\"Organization\",\"@id\":\"https:\\\/\\\/www.folkest.com\\\/#organization\",\"name\":\"Folkest\",\"url\":\"https:\\\/\\\/www.folkest.com\\\/\",\"logo\":{\"@type\":\"ImageObject\",\"inLanguage\":\"fur\",\"@id\":\"https:\\\/\\\/www.folkest.com\\\/#\\\/schema\\\/logo\\\/image\\\/\",\"url\":\"https:\\\/\\\/www.folkest.com\\\/\\\/wp-content\\\/uploads\\\/2023\\\/04\\\/Logo-Folkest-international-folk-music-festival.png\",\"contentUrl\":\"https:\\\/\\\/www.folkest.com\\\/\\\/wp-content\\\/uploads\\\/2023\\\/04\\\/Logo-Folkest-international-folk-music-festival.png\",\"width\":704,\"height\":289,\"caption\":\"Folkest\"},\"image\":{\"@id\":\"https:\\\/\\\/www.folkest.com\\\/#\\\/schema\\\/logo\\\/image\\\/\"},\"sameAs\":[\"https:\\\/\\\/www.facebook.com\\\/FolkestFestival\",\"https:\\\/\\\/www.instagram.com\\\/folkest_\\\/\",\"https:\\\/\\\/www.youtube.com\\\/channel\\\/UCEvUMMmkI1u-BN9eGpGB0-Q\"]}]}<\/script>\n<!-- \/ Yoast SEO plugin. -->","yoast_head_json":{"title":"Folkest 2013 - Folkest - edizion 2026","description":"Folkest 2013. Mai come quest\u2019anno la direzione artistica festival ha impresso un grande rinnovamento al cast, affiancando ai grandi nomi artisti emergenti","robots":{"index":"index","follow":"follow","max-snippet":"max-snippet:-1","max-image-preview":"max-image-preview:large","max-video-preview":"max-video-preview:-1"},"canonical":"https:\/\/www.folkest.com\/fur\/folkest-2013\/","og_locale":"en_US","og_type":"article","og_title":"Folkest 2013 - Folkest - edizion 2026","og_description":"Folkest 2013. Mai come quest\u2019anno la direzione artistica festival ha impresso un grande rinnovamento al cast, affiancando ai grandi nomi artisti emergenti","og_url":"https:\/\/www.folkest.com\/fur\/folkest-2013\/","og_site_name":"Folkest - edizion 2026","article_publisher":"https:\/\/www.facebook.com\/FolkestFestival","article_modified_time":"2016-12-06T16:18:01+00:00","og_image":[{"url":"https:\/\/www.folkest.com\/\/wp-content\/uploads\/2013\/03\/2013_WP-210x300.jpg","type":"","width":"","height":""}],"twitter_misc":{"Est. reading time":"2 minutes"},"schema":{"@context":"https:\/\/schema.org","@graph":[{"@type":"WebPage","@id":"https:\/\/www.folkest.com\/fur\/folkest-2013\/","url":"https:\/\/www.folkest.com\/fur\/folkest-2013\/","name":"Folkest 2013 - Folkest - edizion 2026","isPartOf":{"@id":"https:\/\/www.folkest.com\/#website"},"primaryImageOfPage":{"@id":"https:\/\/www.folkest.com\/fur\/folkest-2013\/#primaryimage"},"image":{"@id":"https:\/\/www.folkest.com\/fur\/folkest-2013\/#primaryimage"},"thumbnailUrl":"https:\/\/www.folkest.com\/wp-content\/uploads\/2013\/03\/2013_WP-210x300.jpg","datePublished":"2013-05-26T09:55:06+00:00","dateModified":"2016-12-06T16:18:01+00:00","description":"Folkest 2013. Mai come quest\u2019anno la direzione artistica festival ha impresso un grande rinnovamento al cast, affiancando ai grandi nomi artisti emergenti","breadcrumb":{"@id":"https:\/\/www.folkest.com\/fur\/folkest-2013\/#breadcrumb"},"inLanguage":"fur","potentialAction":[{"@type":"ReadAction","target":["https:\/\/www.folkest.com\/fur\/folkest-2013\/"]}]},{"@type":"ImageObject","inLanguage":"fur","@id":"https:\/\/www.folkest.com\/fur\/folkest-2013\/#primaryimage","url":"https:\/\/www.folkest.com\/wp-content\/uploads\/2013\/03\/2013_WP-210x300.jpg","contentUrl":"https:\/\/www.folkest.com\/wp-content\/uploads\/2013\/03\/2013_WP-210x300.jpg"},{"@type":"BreadcrumbList","@id":"https:\/\/www.folkest.com\/fur\/folkest-2013\/#breadcrumb","itemListElement":[{"@type":"ListItem","position":1,"name":"Home","item":"https:\/\/www.folkest.com\/fur\/"},{"@type":"ListItem","position":2,"name":"Folkest 2013"}]},{"@type":"WebSite","@id":"https:\/\/www.folkest.com\/#website","url":"https:\/\/www.folkest.com\/","name":"Folkest - edizion 2026","description":"International Folk Festival","publisher":{"@id":"https:\/\/www.folkest.com\/#organization"},"potentialAction":[{"@type":"SearchAction","target":{"@type":"EntryPoint","urlTemplate":"https:\/\/www.folkest.com\/?s={search_term_string}"},"query-input":{"@type":"PropertyValueSpecification","valueRequired":true,"valueName":"search_term_string"}}],"inLanguage":"fur"},{"@type":"Organization","@id":"https:\/\/www.folkest.com\/#organization","name":"Folkest","url":"https:\/\/www.folkest.com\/","logo":{"@type":"ImageObject","inLanguage":"fur","@id":"https:\/\/www.folkest.com\/#\/schema\/logo\/image\/","url":"https:\/\/www.folkest.com\/\/wp-content\/uploads\/2023\/04\/Logo-Folkest-international-folk-music-festival.png","contentUrl":"https:\/\/www.folkest.com\/\/wp-content\/uploads\/2023\/04\/Logo-Folkest-international-folk-music-festival.png","width":704,"height":289,"caption":"Folkest"},"image":{"@id":"https:\/\/www.folkest.com\/#\/schema\/logo\/image\/"},"sameAs":["https:\/\/www.facebook.com\/FolkestFestival","https:\/\/www.instagram.com\/folkest_\/","https:\/\/www.youtube.com\/channel\/UCEvUMMmkI1u-BN9eGpGB0-Q"]}]}},"_links":{"self":[{"href":"https:\/\/www.folkest.com\/fur\/wp-json\/wp\/v2\/pages\/7340","targetHints":{"allow":["GET"]}}],"collection":[{"href":"https:\/\/www.folkest.com\/fur\/wp-json\/wp\/v2\/pages"}],"about":[{"href":"https:\/\/www.folkest.com\/fur\/wp-json\/wp\/v2\/types\/page"}],"author":[{"embeddable":true,"href":"https:\/\/www.folkest.com\/fur\/wp-json\/wp\/v2\/users\/2"}],"replies":[{"embeddable":true,"href":"https:\/\/www.folkest.com\/fur\/wp-json\/wp\/v2\/comments?post=7340"}],"version-history":[{"count":3,"href":"https:\/\/www.folkest.com\/fur\/wp-json\/wp\/v2\/pages\/7340\/revisions"}],"predecessor-version":[{"id":9796,"href":"https:\/\/www.folkest.com\/fur\/wp-json\/wp\/v2\/pages\/7340\/revisions\/9796"}],"wp:attachment":[{"href":"https:\/\/www.folkest.com\/fur\/wp-json\/wp\/v2\/media?parent=7340"}],"curies":[{"name":"wp","href":"https:\/\/api.w.org\/{rel}","templated":true}]}}